What is d(-14)?
-158
Let x(i) = -17*i - 235. What is x(-11)?
-48
Let t(k) = 158*k - 2840. Give t(18).
4
Let y(j) = -j**3 + 126*j**2 + 1088*j - 2159. Calculate y(134).
-15
Let q(b) = -4*b**3 - 10*b**2 + 46*b - 5. Determine q(5).
-525
Let z(r) = -102*r - 632. What is z(-6)?
-20
Let h(m) = -62*m - 107. What is h(-3)?
79
Let a(u) = -66*u - 4672. Calculate a(-69).
-118
Let m(c) = 2*c**3 - 44*c**2 - 3*c + 1659. Determine m(20).
-1
Let l(p) = -p**3 - 14*p**2 + 7*p + 15. Determine l(-6).
-315
Let v(y) = 300*y - 226. What is v(1)?
74
Let f(c) = -48*c**2 + 3215*c + 59. Calculate f(67).
-8
Let w(l) = -4*l**2 + 39*l + 159. What is w(13)?
-10
Let r(x) = x**3 - 25*x**2 + 36*x - 8. Give r(23).
-238
Let c(g) = 868*g + 10425. What is c(-12)?
9
Let u(o) = o**3 + 11*o**2 - 18*o - 205. Determine u(-11).
-7
Let j(c) = -5*c**2 - 628*c + 1258. Give j(2).
-18
Let u(q) = 1054*q - 4226. What is u(4)?
-10
Let f(p) = p**3 + 49*p**2 + 2*p + 104. Give f(-49).
6
Let o(m) = 206*m - 2881. What is o(14)?
3
Let u(h) = -1035*h + 7241. Calculate u(7).
-4
Let j(z) = -2*z**3 + 2*z**2 + 37*z + 10. Calculate j(5).
-5
Let h(k) = 70*k + 4. Determine h(-4).
-276
Let g(t) = -152*t - 1096. Calculate g(-7).
-32
Let m(c) = -195*c**2 - 2*c. Determine m(1).
-197
Let a(l) = l**2 - 15*l - 43. Determine a(22).
111
Let x(m) = -7*m**3 + 466*m**2 - 464*m - 1. Give x(1).
-6
Let b(l) = -353*l - 42026. What is b(-119)?
-19
Let d(a) = a**3 + 4*a**2 - 8*a - 23. What is d(-4)?
9
Let y(d) = d**3 + 5*d**2 - 10*d - 39. Determine y(-8).
-151
Let d(a) = -5*a**2 + 64*a + 20. Determine d(13).
7
Let b(m) = 27*m - 3423. Calculate b(127).
6
Let t(l) = 4*l**2 + 11*l - 8. What is t(-3)?
-5
Let g(p) = 342*p - 20516. Determine g(60).
4
Let z(n) = n**2 + 38*n - 329. What is z(-36)?
-401
Let i(r) = r**2 - 201*r + 5269. Calculate i(31).
-1
Let s(i) = -8*i**2 - 55*i + 15. Calculate s(-7).
8
Let r(f) = f**3 + 244*f**2 + 715*f - 1942. Calculate r(-241).
-14
Let y(q) = 2*q**3 - 37*q**2 + 15*q + 71. Give y(18).
17
Let z(h) = 2*h**3 - 64*h**2 - 6*h + 63. Calculate z(32).
-129
Let k(d) = 37*d - 1818. Give k(49).
-5
Let l(h) = h**3 + 5*h**2 + 19*h + 142. Give l(-6).
-8
Let b(y) = y**3 - 16*y**2 - 61*y + 68. What is b(19)?
-8
Let s(m) = 10*m**2 - 307*m + 761. What is s(28)?
5
Let i(j) = j**3 - 5*j**2 - 51*j + 3. Give i(-7).
-228
Let v(f) = -f**3 - 12*f**2 + 150*f + 309. Calculate v(-19).
-14
Let v(t) = 17800*t + 6. Determine v(0).
6
Let z(j) = 2*j**2 + 19*j + 20. What is z(-10)?
30
Let x(u) = 141*u**3 + 36*u**2 + u - 2. Calculate x(-1).
-108
Let o(w) = -w**3 + 33*w**2 - 26*w - 67. Give o(32).
125
Let w(j) = j**2 - 104*j + 114. What is w(103)?
11
Let k(c) = -649*c - 3923. Determine k(-6).
-29
Let d(k) = -2*k**3 + 25*k**2 + 9*k + 66. What is d(13)?
14
Let z(p) = -3*p**3 + 23*p**2 + 14*p - 36. Determine z(8).
12
Let l(w) = w**2 - 24*w + 22. What is l(21)?
-41
Let l(a) = 24*a - 158. Give l(17).
250
Let t(n) = n**3 + 52*n**2 + 251*n + 28. What is t(-47)?
-724
Let o(a) = -61*a - 8186. Give o(-134).
-12
Let w(o) = o**3 + 8*o**2 + 4*o + 62. What is w(-8)?
30
Let f(p) = p**3 + 10*p**2 + 35*p - 7. Calculate f(-3).
-49
Let r(w) = -124*w - 982. What is r(-8)?
10
Let z(y) = -y**2 + 4*y + 108. What is z(10)?
48
Let u(d) = d**3 + 6*d**2 - 88*d - 254. What is u(-12)?
-62
Let k(n) = 3*n**2 - 46*n - 21. Determine k(14).
-77
Let j(p) = -p**3 + 51*p**2 - 102*p + 189. What is j(49)?
-7
Let p(h) = -2*h**2 + 507. Determine p(16).
-5
Let u(v) = -37*v + 509. Give u(19).
-194
Let t(f) = 144*f + 15105. Calculate t(-105).
-15
Let z(r) = -3220*r - 45100. Calculate z(-14).
-20
Let c(d) = 5*d + 102. Give c(-11).
47
Let h(u) = u**3 + 21*u**2 + 8*u - 72. What is h(-20)?
168
Let o(q) = q**3 + 33*q**2 + 128*q + 352. Determine o(-29).
4
Let f(i) = -3*i**2 - 9*i - 62. Calculate f(-16).
-686
Let v(w) = 718*w + 50273. What is v(-70)?
13
Let z(t) = -10*t - 116. Give z(-9).
-26
Let z(f) = -f**2 + 179*f + 5563. What is z(-27)?
1
Let l(x) = 103*x - 1911. Determine l(13).
-572
Let b(c) = -17*c**2 - 122*c - 19. Determine b(-6).
101
Let b(l) = 6*l**2 + 87*l - 60. Determine b(-17).
195
Let p(b) = 24*b + 61. Give p(-8).
-131
Let q(u) = -6*u + 45. Calculate q(-9).
99
Let b(u) = 2*u**2 + 15*u - 276. Calculate b(10).
74
Let z(t) = 44*t + 172. Determine z(-4).
-4
Let a(s) = 29*s + 6. What is a(-15)?
-429
Let v(s) = -722*s + 2160. Give v(3).
-6
Let d(f) = 285*f + 962. What is d(-3)?
107
Let q(j) = -j**3 + 58*j**2 + 56*j + 36. Determine q(59).
-141
Let c(s) = -1406*s + 6424. Determine c(5).
-606
Let o(s) = -185*s + 7758. Give o(42).
-12
Let o(q) = -2*q**3 - 9*q**2 - 24*q - 2. Give o(-4).
78
Let c(z) = -31*z + 103. Determine c(10).
-207
Let m(u) = 5*u**2 + 13*u - 68. Calculate m(-5).
-8
Let r(i) = -i**2 - 21*i - 116. Calculate r(-8).
-12
Let c(u) = 2*u**3 - 13*u**2 - 12*u + 10. What is c(7)?
-25
Let c(d) = -232*d - 15779. Calculate c(-68).
-3
Let j(f) = f**2 - 69*f + 743. What is j(14)?
-27
Let m(f) = -37*f + 812. Give m(22).
-2
Let b(k) = -2*k**2 + 30*k - 144. What is b(14)?
-116
Let k(u) = -186*u + 6557. What is k(36)?
-139
Let z(a) = -5*a**3 + 26*a**2 - 14*a + 41. What is z(5)?
-4
Let c(v) = 3280*v + 8. Give c(0).
8
Let d(a) = 15*a**2 - 404*a + 385. Give d(1).
-4
Let r(q) = -q**2 - 228*q - 10077. Determine r(-60).
3
Let z(f) = -f**2 + 99*f - 2385. What is z(42)?
9
Let h(g) = g**3 + 29*g**2 + 31*g + 89. Give h(-28).
5
Let z(d) = -593*d - 3919. Determine z(-7).
232
Let f(n) = 93*n - 893. Determine f(9).
-56
Let h(z) = -7*z**2 + 24*z + 38. What is h(6)?
-70
Let x(z) = -z**3 - 17*z**2 + 133*z + 1798. Give x(-19).
-7
Let s(d) = -33*d + 37. Give s(2).
-29
Let a(f) = 548*f + 2738. What is a(-5)?
-2
Let r(h) = 2*h**2 + 72*h - 1407. Calculate r(14).
-7
Let q(u) = 2*u**2 + 40*u + 158. Give q(-5).
8
Let x(t) = -t**2 + 60*t - 176. Calculate x(57).
-5
Let j(v) = -21*v - 277. Determine j(-25).
248
Let z(f) = 1410*f + 5654. What is z(-4)?
14
Let l(z) = 2*z**2 - 4*z + 32. Give l(9).
158
Let j(b) = -2*b**3 - 74*b**2 + 75*b - 61. Determine j(-38).
-23
Let c(v) = -v**3 - 26*v**2 + 150*v - 164. Give c(-31).
-9
Let v(w) = 8*w**3 - 2*w**2 - w - 2. What is v(-1)?
-11
Let h(k) = k**2 + 16*k - 46. Determine h(-21).
59
Let w(h) = h**2 + 23*h + 31. Give w(-6).
-71
Let g(y) = -7*y**3 - 11*y**2 + 46*y + 1. Give g(2).
-7
Let b(j) = -297*j - 6. Determine b(0).
-6
Let u(t) = -4*t**2 + 22*t + 25. Give u(11).
-217
Let r(t) = -t**2 - 5*t + 25. What is r(-9)?
-11
Let j(v) = -5*v - 156. Calculate j(-18).
-66
Let v(g) = -9*g**3 - 24*g**2 + 14*g + 39. Give v(-3).
24
Let n(h) = -h**3 - 10*h**2 - 16*h - 55. What is n(-9)?
8
Let u(q) = -q**3 + 29*q**2 + 13*q + 122. What is u(30)?
-388
Let h(m) = -m**2 + 10*m + 207. Determine h(-10).
7
Let y(m) = -8*m**2 + 56*m - 57. Calculate y(1).
-9
Let w(r) = -202*r - 4024. Determine w(-20).
16
Let j(f) = f**3 + 15*f**2 - 364*f + 1225. What is j(-29)?
7
Let o(c) = -179*c - 723. Give o(-4).
-7
Let r(v) = -10*v**2 - 98*v + 16. Give r(-9).
88
Let x(q) = 1119*q + 62635. Determine x(-56).
-29
Let w(h) = 124*h**2 + 148*h + 147. Determine w(-1).
123
Let h(o) = -14*o**2 - 8*o - 14. Calculate h(4).
-270
Let c(m) = m**2 + 5*m - 5487. Give c(72).
57
Let y(h) = -145*h - 436. Calculate y(-3).
-1
Let v(j) = -2*j**3 + 29*j**2 + 7*j - 20. Determine v(15).
-140
Let c(m) = -84*m + 193. Give c(3).
-59
Let w(a) = -a**3 - 10*a**2 + 25*a + 53. Determine w(-9).
-253
Let s(k) = 224*k + 108. Give s(-2).
-340
Let c(v) = v**3 + v**2 - 65*v - 47. Determine c(9).
178
Let v(m) = -7*m**3 + 8*m**2 - 6*m + 7. Calculate v(3).
-128
Let o(c) = -4627*c - 37012. What is o(-8)?
4
Let o(q) = -53*q - 313. Calculate o(-10).
217
Let s(n) = -n**2 - 10*n + 210. Calculate s(-18).
66
Let u(d) = -5*d**2 + 42*d + 6. Determine u(11).
-137
Let w(q) = 140*q + 1266. Give w(-9).
6
Let d(s) = -4*s**2 - 39*s - 3. Give d(-9).
24
Let o(v) = -22*v**2 + 59*v - 62. Give o(1).
-25
Let o(r) = r**2 + 19. Calculate o(-5).
44
Let x(z) = 2*z**3 + 30*z**2 - 22*z - 152. Determine x(-14).
548
Let n(u) = -20*u + 263. Calculate n(10).
63
Let t(v) = v**3 + 18*v**2 - 278*v + 44. What is t(-28)?
-12
Let o(w) = w**3 - 59*w**2 + 117*w - 130. Give o(57).
41
Let d(m) = 2*m**2 + 126*m - 830. Give d(6).
-2
Let n(w) = 127*w**2 - w + 1. Give n(1).
127
Let b(x) = -17*x + 508. Determine b(27).
49
Let h(l) = -l**3 + 24*l**2 - 28*l + 97. Determine h(23).
-18
Let o(t